11).
-151
Let i(w) = -73148*w + 146346. Give i(2).
50
Let d(w) = 12*w**2 + 8698*w + 507522. Determine d(-64).
2
Let l(k) = k**2 - 145*k + 5255. What is l(69)?
11
Let q(d) = d**2 - 413*d + 10087. Determine q(26).
25
Let b(d) = -190*d - 37482. Determine b(-189).
-1572
Let f(m) = m**2 - 42026*m - 840948. What is f(-20)?
-28
Let m(v) = -196867*v + 1378075. Determine m(7).
6
Let b(n) = -18497*n - 795388. Give b(-43).
-17
Let r(k) = -469*k - 340. Calculate r(1).
-809
Let w(u) = -929*u + 37687. Calculate w(47).
-5976
Let s(v) = -933*v - 10087. Give s(-11).
176
Let b(r) = 27990*r + 475820. What is b(-17)?
-10
Let q(t) = 7*t**2 - 412*t - 7228. What is q(73)?
-1
Let p(s) = 26*s**2 - 8*s - 37. Calculate p(-5).
653
Let x(p) = 5*p**2 + 879*p + 674. Calculate x(-175).
-26
Let b(w) = -1501*w**2 + 57053*w + 31. Calculate b(38).
601
Let j(n) = 2*n**2 - 315*n + 7495. Determine j(30).
-155
Let p(s) = -s**3 + 174*s**2 - 7553*s - 1004. Calculate p(85).
16
Let q(s) = s**2 + 1304*s + 72438. Determine q(-55).
3743
Let i(x) = 3*x**2 - 193*x + 1968. Calculate i(26).
-1022
Let h(f) = -7520*f + 60268. Determine h(8).
108
Let d(c) = 551*c - 22696. Give d(41).
-105
Let m(b) = 87*b**2 - 273*b + 39. Determine m(3).
3
Let k(z) = 6751*z - 46708. Determine k(7).
549
Let z(x) = -168*x + 7. What is z(-2)?
343
Let j(x) = -6*x**2 - 541*x + 1007. Determine j(-92).
-5
Let m(r) = -25*r**2 + 1213*r - 3431. Give m(3).
-17
Let y(q) = 8290*q + 920192. What is y(-111)?
2
Let d(i) = -1441*i + 201736. Give d(140).
-4
Let t(g) = -230*g + 11080. Calculate t(59).
-2490
Let y(q) = q**2 + 2213*q - 48. Give y(0).
-48
Let c(o) = 58*o**2 + 210*o - 767. Give c(4).
1001
Let z(n) = 180*n - 1252. Calculate z(8).
188
Let l(s) = -6*s**3 - 41*s**2 - 67*s - 20. Calculate l(-8).
964
Let l(w) = -w**2 + 142*w + 6102. Calculate l(178).
-306
Let x(u) = 112*u + 192. Calculate x(5).
752
Let m(o) = -24*o**3 - 338*o**2 - 44*o + 160. What is m(-14)?
384
Let i(v) = -13*v**3 - 401*v + 2091. Determine i(6).
-3123
Let v(l) = l**2 + 475*l - 1276451. Determine v(917).
13
Let c(x) = -8*x**2 + 43*x + 268. Calculate c(37).
-9093
Let a(k) = 4*k**3 + 20*k**2 - 23*k - 198. Determine a(7).
1993
Let l(a) = 28*a**2 + 674*a - 665. Calculate l(-25).
-15
Let r(n) = 5145*n + 66690. Calculate r(-13).
-195
Let c(u) = -4323*u - 34585. Calculate c(-8).
-1
Let b(k) = -162*k - 6174. Determine b(-38).
-18
Let s(t) = 25912*t + 31534915. Determine s(-1217).
11
Let v(u) = 252*u - 16651. Give v(66).
-19
Let k(l) = l**3 - 22*l**2 - 5431*l + 133930. Give k(25).
30
Let v(p) = -43*p**2 - 799*p - 452. Determine v(-18).
-2
Let t(g) = -37251*g + 1788042. What is t(48)?
-6
Let q(z) = -1936*z - 9376. Determine q(-5).
304
Let z(y) = -2*y**3 - 238*y**2 - 458*y + 1154. Calculate z(-117).
-16
Let g(d) = -22*d**3 - 3*d**2 - 285*d - 285. Calculate g(-1).
19
Let z(g) = 3817*g - 15326. Determine z(4).
-58
Let r(v) = v**2 + 11*v - 221346. Determine r(465).
-6
Let g(r) = -5*r**3 + 118*r**2 - 61*r - 295. Determine g(22).
2235
Let c(k) = 103*k - 1047. What is c(8)?
-223
Let q(f) = -9578*f + 2442395. Give q(255).
5
Let h(w) = -44266*w + 309976. Give h(7).
114
Let x(y) = -168*y**2 - 1028*y - 181. Give x(-6).
-61
Let p(u) = -150*u - 31198. What is p(-208)?
2
Let g(b) = 137*b**2 - 1616*b - 17. Calculate g(12).
319
Let a(w) = w**3 + 23*w**2 + 10812*w + 192956. Calculate a(-18).
-40
Let b(k) = k**3 + 198*k**2 + 2928*k + 2916. What is b(-182)?
4
Let z(j) = -2*j**3 + 7*j**2 - 363*j + 1429. What is z(4)?
-39
Let u(f) = 16*f**2 - 22063*f - 176530. Determine u(-8).
998
Let q(u) = 6*u**2 + 431*u + 4310. What is q(-12)?
2
Let p(t) = 5687*t - 51840. Determine p(9).
-657
Let t(y) = -63*y**3 + 411*y**2 + 210*y. Calculate t(7).
0
Let h(q) = 2*q**3 + 187*q**2 - 94*q - 384. Calculate h(-94).
-384
Let d(p) = -190*p**2 + 32680*p + 4. Calculate d(172).
4
Let h(x) = 8*x**2 + 303*x - 2492. Calculate h(-45).
73
Let m(y) = 232*y - 76110. Determine m(328).
-14
Let d(y) = 7*y**2 + 1098*y + 2194. Calculate d(-2).
26
Let t(r) = -562*r + 20229. Calculate t(36).
-3
Let l(i) = -11164*i - 11342617. Calculate l(-1016).
7
Let s(w) = 372*w**2 - 6353*w + 486. Give s(17).
-7
Let v(t) = 3*t**3 - 24*t**2 + 181*t. Calculate v(0).
0
Let k(j) = 36*j - 2173. Determine k(35).
-913
Let t(u) = u**2 + 268*u - 54456. Calculate t(135).
-51
Let j(k) = -78*k**2 + 446*k - 439. Give j(1).
-71
Let g(v) = 4*v - 1015. Give g(251).
-11
Let k(g) = g**3 + 200*g**2 + 564*g - 5227. Give k(-197).
92
Let a(c) = 19*c**2 - 19*c - 355. Give a(-5).
215
Let w(s) = 2507*s + 122. Calculate w(0).
122
Let m(p) = -121406*p + 121413. What is m(1)?
7
Let n(h) = h**3 + 22*h**2 - 7*h - 958. Give n(-8).
-6
Let y(f) = 10995*f + 44143. Calculate y(-4).
163
Let p(u) = 139*u**3 - 35*u**2 - 42*u - 9. What is p(-1)?
-141
Let g(t) = 23464*t - 1055867. Give g(45).
13
Let o(s) = -3*s**2 - 160*s + 618. Calculate o(-71).
-3145
Let r(m) = -1157*m + 77555. Calculate r(67).
36
Let z(v) = -26*v**2 + 8833*v + 2398. Give z(340).
18
Let v(s) = -12209*s + 36344. Calculate v(3).
-283
Let t(b) = 13*b**2 + 696*b - 14494. Determine t(16).
-30
Let m(x) = -4921*x - 246044. What is m(-50)?
6
Let p(a) = -a**2 + 27471*a + 4476550. What is p(-162)?
4
Let w(r) = r**3 + 582*r**2 + 35870*r + 15364. Calculate w(-512).
4
Let t(v) = -v**3 + 9*v**2 - 976*v + 5932. What is t(6)?
184
Let o(c) = c**2 - 12887*c + 1582603. Calculate o(124).
-9
Let c(i) = -4*i**2 - 10667*i - 42522. Give c(-4).
82
Let h(o) = -23*o + 5317. What is h(367)?
-3124
Let r(s) = -237*s + 37430. What is r(162)?
-964
Let f(b) = -124230*b - 46. Determine f(0).
-46
Let m(h) = h**2 - 5407*h - 157647. Give m(-29).
-3
Let z(p) = -1382*p - 26925. What is z(-19)?
-667
Let f(c) = -3*c**3 - 29*c**2 + 33*c + 14. Determine f(-12).
626
Let v(h) = 2*h**3 + 223*h**2 + 3364*h - 58. Calculate v(-18).
-22
Let c(p) = -p**3 - 83*p**2 - 244*p + 1357. Calculate c(-80).
1677
Let o(j) = 85679*j + 257115. Calculate o(-3).
78
Let j(b) = 7*b**2 - 2232*b - 7090. Give j(322).
-6
Let c(a) = a**3 - 25*a**2 + 198*a - 3592. Calculate c(23).
-96
Let r(p) = -2618*p - 220794. What is r(-84)?
-882
Let a(h) = -h**3 - h**2 - 776*h + 2193. Determine a(0).
2193
Let u(d) = 1643*d + 3216. Determine u(-2).
-70
Let z(m) = -16*m**2 - 29546*m - 323076. Give z(-11).
-6
Let z(j) = j**3 + 8*j**2 + 138*j - 947. Determine z(6).
385
Let n(d) = -53*d + 43. Determine n(-6).
361
Let p(n) = n**2 - 43016*n + 559123. Calculate p(13).
84
Let l(m) = 10169*m + 3254128. Calculate l(-320).
48
Let z(j) = 135*j**2 - 236*j + 730. Calculate z(3).
1237
Let s(q) = 682*q - 40184. What is s(59)?
54
Let v(r) = 2*r**3 - 329*r**2 + 1442*r + 574. Give v(160).
894
Let k(t) = -233*t - 408. Calculate k(-4).
524
Let w(a) = -86*a - 9267. Calculate w(-105).
-237
Let g(l) = -652*l**2 + 17636*l - 95. Give g(27).
769
Let y(z) = 4571*z - 18138. Give y(4).
146
Let x(f) = -f**3 - 46*f**2 + 36*f + 1455. Calculate x(-46).
-201
Let t(g) = 2*g**3 + 50*g**2 + 34*g - 46. Give t(-23).
1288
Let j(n) = 82*n**3 - 174*n**2 - 206*n - 28. Calculate j(3).
2
Let w(q) = 2*q**2 - 258*q - 3426. Calculate w(141).
-42
Let a(t) = 77805*t + 466827. What is a(-6)?
-3
Let y(z) = 4155*z - 2995759. What is y(721)?
-4
Let r(l) = -506*l**3 + 68*l**2 + 71*l + 2. Calculate r(-1).
505
Let m(f) = -f**3 - 62*f**2 - 207*f + 92. Give m(-58).
-1358
Let o(c) = -90267*c - 1354360. Give o(-15).
-355
Let l(j) = -20*j**2 - 9130*j - 45148. Calculate l(-5).
2
Let g(d) = -2*d**3 + 294*d**2 - 8435*d + 435. Determine g(39).
6
Let i(g) = 2*g**3 - 70*g**2 + 340*g - 44. Calculate i(29).
-276
Let i(s) = 829*s**3 + 1652*s**2 - 16*s - 1. Determine i(-2).
7
Let n(c) = 34460*c + 447946. Determine n(-13).
-34
Let m(i) = 70*i**2 + 4041*i - 1. What is m(0)?
-1
Let z(m) = -m**3 + 53*m**2 + 4*m - 1352. What is z(52)?
1560
Let i(h) = h**3 - 18*h**2 + 16*h - 63. Determine i(15).
-498
Let w(r) = 6299*r + 3271. Give w(-1).
-3028
Let v(g) = -2*g**3 - 24*g**2 + 583*g - 1439. Calculate v(10).
-9
Let k(j) = 2*j**3 - 178*j**2 - 2*j + 53. What is k(89)?
-125
Let l(f) = -101232*f + 100960. Calculate l(1).
-272
Let b(i) = -1146*i + 137857. Determine b(120).
337
Let r(i) = 17*i**3 + 815*i**2 - 58*i - 116. Determine r(-48).
364
Let i(m) = -39504*m + 197520. Calculate i(5).
0
Let y(i) = 155*i + 8517. What is y(-54)?
147
Let d(o) = 5446*o + 250689. What is d(-46)?
173